36?
18
Calculate the highest common factor of 464 and 522.
58
What is the highest common factor of 40 and 140?
20
What is the highest common divisor of 920 and 200?
40
Calculate the highest common divisor of 12 and 148.
4
What is the greatest common divisor of 374 and 34?
34
What is the greatest common divisor of 1053 and 2376?
27
What is the highest common divisor of 63 and 18?
9
Calculate the greatest common divisor of 32 and 608.
32
Calculate the greatest common factor of 51 and 17.
17
Calculate the highest common factor of 4 and 72.
4
Calculate the highest common factor of 39 and 4485.
39
What is the greatest common divisor of 312 and 39?
39
Calculate the greatest common divisor of 64 and 1072.
16
Calculate the greatest common factor of 12 and 656.
4
Calculate the highest common factor of 460 and 1196.
92
What is the greatest common divisor of 804 and 84?
12
Calculate the highest common divisor of 35 and 4795.
35
Calculate the highest common divisor of 494 and 26.
26
What is the highest common divisor of 24 and 111?
3
Calculate the greatest common divisor of 111 and 1369.
37
Calculate the highest common divisor of 54 and 21.
3
Calculate the greatest common divisor of 22 and 48334.
22
What is the highest common divisor of 4 and 5?
1
Calculate the highest common divisor of 11184 and 240.
48
Calculate the greatest common factor of 310 and 248.
62
What is the highest common divisor of 4 and 256?
4
What is the greatest common divisor of 176 and 5008?
16
What is the greatest common divisor of 91 and 203?
7
What is the highest common divisor of 558 and 54?
18
What is the highest common factor of 52704 and 48?
48
Calculate the greatest common divisor of 3933 and 2277.
207
Calculate the greatest common divisor of 6758 and 327.
109
What is the greatest common divisor of 764 and 24?
4
Calculate the greatest common divisor of 247 and 78.
13
Calculate the greatest common divisor of 688 and 2580.
172
Calculate the greatest common factor of 1978 and 92.
46
What is the greatest common factor of 925 and 74?
37
What is the highest common factor of 182 and 378?
14
Calculate the greatest common divisor of 72 and 9.
9
What is the highest common factor of 4605 and 15?
15
What is the greatest common factor of 34 and 9146?
34
What is the greatest common factor of 648 and 288?
72
Calculate the highest common divisor of 135 and 1035.
45
Calculate the greatest common divisor of 36 and 14100.
12
Calculate the highest common factor of 174 and 464.
58
Calculate the greatest common divisor of 8 and 1152.
8
What is the highest common factor of 144 and 828?
36
Calculate the highest common factor of 38252 and 292.
292
What is the highest common divisor of 27 and 657?
9
What is the highest common factor of 48 and 1444?
4
Calculate the greatest common factor of 67 and 1541.
67
What is the highest common factor of 313 and 38812?
313
Calculate the highest common factor of 266 and 602.
14
What is the greatest common factor of 637 and 13?
13
What is the greatest common divisor of 135 and 144?
9
What is the highest common factor of 247 and 13?
13
Calculate the highest common divisor of 15 and 405.
15
What is the highest common factor of 109 and 4251?
109
What is the greatest common factor of 76 and 4?
4
Calculate the highest common factor of 76 and 8531.
19
Calculate the greatest common factor of 60208 and 71.
71
What is the greatest common factor of 51 and 153?
51
What is the highest common divisor of 374 and 34?
34
Calculate the greatest common factor of 188 and 1222.
94
Calculate the highest common divisor of 37 and 2257.
37
Calculate the highest common divisor of 1312 and 246.
82
What is the highest common factor of 49 and 784?
49
Calculate the highest common divisor of 10873 and 249.
83
Calculate the greatest common divisor of 2 and 218.
2
What is the highest common divisor of 3996 and 54?
54
Calculate the greatest common factor of 5210 and 10.
10
What is the greatest common factor of 11 and 451?
11
Calculate the highest common divisor of 680 and 408.
136
What is the highest common factor of 264 and 26312?
88
What is the highest common factor of 31 and 93?
31
Calculate the greatest common divisor of 1170 and 792.
18
What is the highest common divisor of 147 and 49?
49
Calculate the greatest common factor of 25 and 7490.
5
Calculate the greatest common divisor of 11005 and 142.
71
Calculate the highest common factor of 92 and 161.
23
What is the highest common divisor of 12403 and 471?
157
What is the greatest common factor of 112 and 616?
56
Calculate the highest common factor of 38 and 2774.
38
Calculate the greatest common factor of 486 and 6.
6
What is the greatest common factor of 132 and 1364?
44
What is the highest common divisor of 192 and 144?
48
Calculate the highest common divisor of 170 and 290.
10
What is the greatest common factor of 23542 and 149?
149
Calculate the greatest common factor of 1053 and 78.
39
Calculate the highest common divisor of 58 and 1827.
29
Calculate the highest common factor of 592 and 37.
37
Calculate the greatest common factor of 90 and 160.
10
Calculate the highest common factor of 135 and 615.
15
Calculate the highest common divisor of 21 and 987.
21
Calculate the greatest common factor of 496 and 310.
62
Calculate the greatest common factor of 324 and 624.
12
Calculate the greatest common factor of 735 and 63.
21
Calculate the greatest common factor of 4018 and 82.
82
What is the highest common divisor of 335 and 5?
5
Calculate the highest common divisor of 4361 and 89.
89
What is the highest common divisor of 28 and 630?
14
Calculate the greatest common factor of 625 and 55.
5
What is the greatest common divisor of 192 and 512?
64
Calculate the greatest common divisor of 18 and 3357.
9
Calculate the highest common factor of 38 and 285.
19
What is the highest common factor of 319 and 429?
11
What is the greatest common factor of 40 and 872?
8
What is the highest common factor of 16601 and 39?
13
Calculate the greatest common factor of 61 and 10797.
61
Calculate the greatest common factor of 36 and 252.
36
Calculate the greatest common divisor of 28 and 196.
28
What is the highest common divisor of 5 and 2825?
5
What is the greatest common divisor of 207 and 63?
9
What is the highest common divisor of 1717 and 101?
101
Calculate the highest common factor of 104 and 13962.
26
Calculate the highest common factor of 48 and 12.
12
Calculate the greatest common divisor of 539 and 11.
11
Calculate the highest common factor of 10 and 2360.
10
Calculate the highest common factor of 308 and 238.
14
Calculate the greatest common factor of 13 and 4303.
13
Calculate the highest common divisor of 272 and 32.
16
Calculate the highest common divisor of 38930 and 170.
170
What is the greatest common factor of 220 and 275?
55
Calculate the greatest common factor of 189 and 84.
21
Calculate the greatest common factor of 20410 and 390.
130
Calculate the greatest common factor of 12 and 116.
4
Calculate the greatest common factor of 928 and 174.
58
What is the highest common factor of 663 and 1071?
51
Calculate the highest common divisor of 273 and 195.
39
Calculate the greatest common divisor of 2021 and 43.
43
What is the highest common factor of 7224 and 216?
24
What is the greatest common factor of 33 and 7975?
11
What is the highest common divisor of 1972 and 136?
68
Calculate the greatest common factor of 7091 and 7.
7
What is the highest common factor of 13 and 14417?
13
Calculate the highest common divisor of 1875 and 3150.
75
Calculate the highest common factor of 4761 and 18.
9
Calculate the highest common divisor of 3128 and 102.
34
What is the greatest common factor of 10 and 890?
10
Calculate the highest common divisor of 2 and 122.
2
Calculate the greatest common divisor of 286 and 407.
11
What is the greatest common divisor of 918 and 34?
34
Calculate the highest common factor of 162 and 189.
27
Calculate the greatest common divisor of 1634 and 86.
86
Calculate the highest common divisor of 8250 and 12.
6
What is the highest common factor of 63 and 252?
63
Calculate the highest common divisor of 82 and 369.
41
Calculate the highest common factor of 22 and 2.
2
Calculate the greatest common factor of 945 and 105.
105
Calculate the great